{"id":935,"date":"2021-10-08T17:14:19","date_gmt":"2021-10-08T17:14:19","guid":{"rendered":"https:\/\/emprendemas.mx\/index.php\/productos\/"},"modified":"2026-04-13T10:48:20","modified_gmt":"2026-04-13T16:48:20","slug":"productos","status":"publish","type":"page","link":"https:\/\/emprendemas.mx\/index.php\/productos\/","title":{"rendered":"Productos"},"content":{"rendered":"\n    \n    <section class=\"u-clearfix u-palette-1-base u-section-2\" id=\"sec-ae56\">\n      <div class=\"u-clearfix u-sheet u-sheet-1\"><\/div>\n    <\/section>\n    <section class=\"u-align-center u-clearfix u-container-align-center u-image u-section-3\" id=\"carousel_a776\" data-image-width=\"1280\" data-image-height=\"720\" style=\"background-image: url(&quot;https:\/\/emprendemas.mx\/wp-content\/uploads\/2021\/10\/57e2d7434a57ae14f6da8c7dda793678153bdee757596c48732e7bd49749c751bc_1280.jpg&quot;);\">\n      <div class=\"u-clearfix u-sheet u-sheet-1\">\n        <div class=\"u-align-center-lg u-align-center-xl u-container-style u-custom-color-2 u-expanded-width-lg u-expanded-width-md u-expanded-width-sm u-expanded-width-xs u-group u-opacity u-opacity-95 u-group-1\">\n          <div class=\"u-container-layout u-container-layout-1\">\n            <h2 class=\"u-align-center-md u-align-center-sm u-align-center-xs u-text u-text-1\" data-animation-name=\"slideIn\" data-animation-duration=\"1000\" data-animation-delay=\"0\" data-animation-direction=\"Down\">M\u00e1s que una SOFOM<\/h2>\n          <\/div>\n        <\/div>\n        <h1 class=\"u-align-center-md u-align-center-sm u-align-center-xs u-custom-font u-font-oswald u-text u-text-custom-color-1 u-text-2\" data-animation-name=\"jackInTheBox\" data-animation-duration=\"1000\" data-animation-delay=\"0\" data-animation-direction=\"\">EMPRENDE M\u00c1S<\/h1>\n      <\/div>\n    <\/section>\n    <section class=\"u-clearfix u-section-4\" id=\"carousel_31ca\">\n      <div class=\"data-layout-selected u-clearfix u-expanded-width u-layout-wrap u-layout-wrap-1\">\n        <div class=\"u-layout\">\n          <div class=\"u-layout-col\">\n            <div class=\"u-size-30\">\n              <div class=\"u-layout-row\">\n                <div class=\"u-container-style u-effect-hover-zoom u-layout-cell u-left-cell u-size-20 u-layout-cell-1\" data-image-width=\"1024\" data-image-height=\"1280\">\n                  <div class=\"u-background-effect u-expanded\">\n                    <div class=\"u-background-effect-image u-expanded u-image u-image-1\" data-image-width=\"150\" data-image-height=\"100\" style=\"background-image: url(&quot;https:\/\/emprendemas.mx\/wp-content\/uploads\/2021\/10\/84255686-02.jpeg&quot;);\"><\/div>\n                  <\/div>\n                  <div class=\"u-container-layout u-container-layout-1\"><\/div>\n                <\/div>\n                <div class=\"u-align-center u-container-align-center u-container-style u-custom-color-1 u-layout-cell u-size-20 u-layout-cell-2\" data-animation-name=\"flipIn\" data-animation-duration=\"1000\" data-animation-delay=\"0\" data-animation-direction=\"X\">\n                  <div class=\"u-container-layout u-valign-middle-lg u-valign-middle-md u-valign-middle-sm u-valign-middle-xs u-container-layout-2\">\n                    <h5 class=\"u-text u-text-1\">Empleados de Gobierno<\/h5>\n                    <div class=\"u-border-4 u-border-color-var u-line u-line-vertical u-line-1\"><\/div>\n                    <p class=\"u-align-center u-text u-text-2\">Si laboras en una instituci\u00f3n paraestatal que auxilia al Gobierno Federal en el manejo de las \u00e1reas consideradas por el Estado, EMPRENDE M\u00c1S te brinda la opci\u00f3n de solicitar un pr\u00e9stamo, con tasas preferenciales hechas espec\u00edficamente para tus necesidades. No esperes m\u00e1s, \u00a1solic\u00edtalo ya!<\/p>\n                  <\/div>\n                <\/div>\n                <div class=\"u-container-style u-effect-hover-zoom u-image u-layout-cell u-right-cell u-size-20 u-image-2\" data-image-width=\"1140\" data-image-height=\"760\" style=\"background-image: url(&quot;https:\/\/emprendemas.mx\/wp-content\/uploads\/2026\/03\/maestro.webp&quot;);\">\n                  <div class=\"u-background-effect u-expanded\">\n                    <div class=\"u-background-effect-image u-expanded u-image u-image-3\" data-image-width=\"1140\" data-image-height=\"760\" style=\"background-image: url(&quot;https:\/\/emprendemas.mx\/wp-content\/uploads\/2026\/03\/maestro.webp&quot;);\"><\/div>\n                  <\/div>\n                  <div class=\"u-container-layout u-container-layout-3\"><\/div>\n                <\/div>\n              <\/div>\n            <\/div>\n            <div class=\"u-size-30\">\n              <div class=\"u-layout-row\">\n                <div class=\"u-align-center u-container-align-center u-container-style u-custom-color-2 u-layout-cell u-left-cell u-size-20 u-layout-cell-4\" data-animation-name=\"flipIn\" data-animation-duration=\"1000\" data-animation-delay=\"0\" data-animation-direction=\"X\">\n                  <div class=\"u-container-layout u-valign-middle-lg u-valign-middle-md u-valign-middle-sm u-valign-middle-xs u-container-layout-4\">\n                    <h5 class=\"u-text u-text-3\">Pensionados Y Jubilados<\/h5>\n                    <div class=\"u-border-4 u-border-color-var u-line u-line-vertical u-line-2\"><\/div>\n                    <p class=\"u-align-center u-text u-text-4\">Sabemos la importancia que representa esta etapa de tu vida y en EMPRENDE M\u00c1S, estamos para ayudarte. Podemos darte esa tranquilidad que est\u00e1s buscando a trav\u00e9s de un cr\u00e9dito, con atractivas tasas y plazos preferenciales pensados especialmente para tu beneficio y tranquilidad.<\/p>\n                  <\/div>\n                <\/div>\n                <div class=\"u-container-style u-effect-hover-zoom u-layout-cell u-size-20 u-layout-cell-5\" data-image-width=\"1266\" data-image-height=\"1500\">\n                  <div class=\"u-background-effect u-expanded\">\n                    <div class=\"u-background-effect-image u-expanded u-image u-image-4\" data-image-width=\"150\" data-image-height=\"100\" style=\"background-image: url(&quot;https:\/\/emprendemas.mx\/wp-content\/uploads\/2021\/10\/84255686-01.jpeg&quot;);\"><\/div>\n                  <\/div>\n                  <div class=\"u-container-layout u-container-layout-5\"><\/div>\n                <\/div>\n                <div class=\"u-align-center-lg u-align-center-md u-align-center-sm u-align-center-xs u-container-style u-custom-color-2 u-layout-cell u-right-cell u-size-20 u-layout-cell-6\" data-animation-name=\"flipIn\" data-animation-duration=\"1000\" data-animation-delay=\"0\" data-animation-direction=\"X\">\n                  <div class=\"u-container-layout u-valign-middle-lg u-valign-middle-md u-valign-middle-sm u-valign-middle-xs u-container-layout-6\">\n                    <h5 class=\"u-align-center u-text u-text-5\">Maestros<\/h5>\n                    <div class=\"u-border-4 u-border-white u-line u-line-vertical u-line-3\"><\/div>\n                    <p class=\"u-align-center u-text u-text-6\">Eres uno de los elementos m\u00e1s importantes de las sociedades modernas, en el sistema educativo. EMPRENDE M\u00c1S te brinda el apoyo econ\u00f3mico que necesitas para alcanzar tus objetivos y cumplir tus metas, a trav\u00e9s de cr\u00e9ditos con tasas y plazos espec\u00edficos para ti.<\/p>\n                  <\/div>\n                <\/div>\n              <\/div>\n            <\/div>\n          <\/div>\n        <\/div>\n      <\/div>\n    <\/section>\n    <section class=\"u-align-left u-clearfix u-custom-color-1 u-section-5\" id=\"carousel_aebf\">\n      <div class=\"u-clearfix u-sheet u-sheet-1\">\n        <div class=\"data-layout-selected u-clearfix u-expanded-width u-layout-wrap u-layout-wrap-1\">\n          <div class=\"u-layout\">\n            <div class=\"u-layout-row\">\n              <div class=\"u-align-right u-container-align-right u-container-style u-effect-hover-zoom u-image u-layout-cell u-left-cell u-size-29-md u-size-29-sm u-size-29-xs u-size-30-lg u-size-30-xl u-image-1\" data-image-width=\"647\" data-image-height=\"1000\" style=\"background-image: url(&quot;https:\/\/emprendemas.mx\/wp-content\/uploads\/2026\/03\/constructor.webp&quot;);\">\n                <div class=\"u-background-effect u-expanded\">\n                  <div class=\"u-background-effect-image u-expanded u-image u-image-2\" data-image-width=\"647\" data-image-height=\"1000\" style=\"background-image: url(&quot;https:\/\/emprendemas.mx\/wp-content\/uploads\/2026\/03\/constructor.webp&quot;);\"><\/div>\n                <\/div>\n                <div class=\"u-container-layout u-container-layout-1\"><\/div>\n              <\/div>\n              <div class=\"u-align-left u-container-align-left u-container-style u-layout-cell u-right-cell u-size-30-lg u-size-30-xl u-size-31-md u-size-31-sm u-size-31-xs u-layout-cell-2\">\n                <div class=\"u-container-layout u-container-layout-2\">\n                  <h1 class=\"u-custom-font u-font-oswald u-text u-title u-text-1\" data-animation-name=\"bounceIn\" data-animation-duration=\"1000\" data-animation-delay=\"0\" data-animation-direction=\"\">Sectores con<br>acuerdos. \n                  <\/h1>\n                  <p class=\"u-text u-text-2\" data-animation-name=\"fadeIn\" data-animation-duration=\"1000\" data-animation-delay=\"0\">Conoce los sectores donde brindamos nuestros beneficios.<\/p>\n                <\/div>\n              <\/div>\n            <\/div>\n          <\/div>\n        <\/div>\n        <div class=\"u-list u-list-1\">\n          <div class=\"u-repeater u-repeater-1\">\n            <div class=\"u-container-style u-list-item u-repeater-item u-white u-list-item-1\" data-animation-name=\"flipIn\" data-animation-duration=\"1000\" data-animation-delay=\"0\" data-animation-direction=\"X\">\n              <div class=\"u-container-layout u-similar-container u-container-layout-3\"><span class=\"u-icon u-icon-circle u-text-palette-3-base u-icon-1\"><svg class=\"u-svg-link\" preserveAspectRatio=\"xMidYMin slice\" viewBox=\"0 0 24 24\" style=\"\"><use xlink:href=\"#svg-5130\"><\/use><\/svg><svg class=\"u-svg-content\" viewBox=\"0 0 24 24\" id=\"svg-5130\"><path d=\"m13.03 1.87-10.99-1.67c-.51-.08-1.03.06-1.42.39-.39.34-.62.83-.62 1.34v21.07c0 .55.45 1 1 1h3.25v-5.25c0-.97.78-1.75 1.75-1.75h2.5c.97 0 1.75.78 1.75 1.75v5.25h4.25v-20.4c0-.86-.62-1.59-1.47-1.73zm-7.53 12.88h-1.5c-.414 0-.75-.336-.75-.75s.336-.75.75-.75h1.5c.414 0 .75.336.75.75s-.336.75-.75.75zm0-3h-1.5c-.414 0-.75-.336-.75-.75s.336-.75.75-.75h1.5c.414 0 .75.336.75.75s-.336.75-.75.75zm0-3h-1.5c-.414 0-.75-.336-.75-.75s.336-.75.75-.75h1.5c.414 0 .75.336.75.75s-.336.75-.75.75zm0-3h-1.5c-.414 0-.75-.336-.75-.75s.336-.75.75-.75h1.5c.414 0 .75.336.75.75s-.336.75-.75.75zm5 9h-1.5c-.414 0-.75-.336-.75-.75s.336-.75.75-.75h1.5c.414 0 .75.336.75.75s-.336.75-.75.75zm0-3h-1.5c-.414 0-.75-.336-.75-.75s.336-.75.75-.75h1.5c.414 0 .75.336.75.75s-.336.75-.75.75zm0-3h-1.5c-.414 0-.75-.336-.75-.75s.336-.75.75-.75h1.5c.414 0 .75.336.75.75s-.336.75-.75.75zm0-3h-1.5c-.414 0-.75-.336-.75-.75s.336-.75.75-.75h1.5c.414 0 .75.336.75.75s-.336.75-.75.75z\"><\/path><path d=\"m22.62 10.842-7.12-1.491v14.649h6.75c.965 0 1.75-.785 1.75-1.75v-9.698c0-.826-.563-1.529-1.38-1.71zm-2.37 10.158h-1.5c-.414 0-.75-.336-.75-.75s.336-.75.75-.75h1.5c.414 0 .75.336.75.75s-.336.75-.75.75zm0-3h-1.5c-.414 0-.75-.336-.75-.75s.336-.75.75-.75h1.5c.414 0 .75.336.75.75s-.336.75-.75.75zm0-3h-1.5c-.414 0-.75-.336-.75-.75s.336-.75.75-.75h1.5c.414 0 .75.336.75.75s-.336.75-.75.75z\"><\/path><\/svg><\/span>\n                <h4 class=\"u-custom-font u-font-open-sans u-text u-text-3\">Cr\u00e9dito SIMPLE<\/h4>\n                <p class=\"u-text u-text-4\"> Un cr\u00e9dito simple empresarial es un producto financiero que consiste en otorgar a una empresa un monto fijo de dinero en una sola exhibici\u00f3n, el cual debe ser devuelto en pagos peri\u00f3dicos (mensuales, trimestrales, etc.) durante un plazo determinado, junto con los intereses pactados. Este tipo de cr\u00e9dito se utiliza para financiar actividades econ\u00f3micas espec\u00edficas, como:<br>1. Compra de activos fijos (maquinaria, equipo, inmuebles).<br>2. Capital de trabajo.<br>3. Proyectos de inversi\u00f3n.\n                <\/p>\n              <\/div>\n            <\/div>\n            <div class=\"u-container-style u-list-item u-repeater-item u-video-cover u-white u-list-item-2\" data-animation-name=\"flipIn\" data-animation-duration=\"1000\" data-animation-delay=\"0\" data-animation-direction=\"X\">\n              <div class=\"u-container-layout u-similar-container u-container-layout-4\"><span class=\"u-icon u-icon-circle u-text-palette-3-base u-icon-2\"><svg class=\"u-svg-link\" preserveAspectRatio=\"xMidYMin slice\" viewBox=\"0 0 512 512\" style=\"\"><use xlink:href=\"#svg-0905\"><\/use><\/svg><svg class=\"u-svg-content\" viewBox=\"0 0 512 512\" x=\"0px\" y=\"0px\" id=\"svg-0905\" style=\"enable-background:new 0 0 512 512;\"><g><g><path d=\"M506.662,206.473l-241-202.947c-5.584-4.701-13.74-4.701-19.324,0l-241,202.947c-6.337,5.336-7.147,14.799-1.812,21.136    c5.335,6.337,14.798,7.147,21.136,1.812L51,207.241V497c0,8.284,6.716,15,15,15h380c8.284,0,15-6.716,15-15V207.241l26.338,22.179    c6.338,5.337,15.802,4.523,21.136-1.812C513.809,221.272,512.999,211.809,506.662,206.473z M271,461.137V415.96l37.664-44.838    c5.328-6.343,4.506-15.805-1.838-21.133c-6.343-5.33-15.804-4.507-21.133,1.838L271,369.319v-8.917l37.664-44.839    c5.329-6.343,4.506-15.805-1.838-21.133c-6.343-5.33-15.806-4.507-21.133,1.838L271,313.76v-28.403c0-8.284-6.716-15-15-15    s-15,6.716-15,15v28.403l-14.693-17.492c-5.328-6.344-14.791-7.166-21.133-1.838c-6.344,5.328-7.167,14.79-1.838,21.133    L241,360.402v8.917l-14.693-17.492c-5.328-6.343-14.791-7.166-21.133-1.838c-6.344,5.328-7.166,14.79-1.838,21.133L241,415.96    v45.177c-53.122-7.321-94.167-52.939-94.167-107.957c0-90.443,93.331-212.077,97.305-217.211c5.997-7.749,17.722-7.757,23.725,0    c3.974,5.134,97.305,126.768,97.305,217.211C365.167,408.198,324.122,453.816,271,461.137z\"><\/path>\n<\/g>\n<\/g><\/svg><\/span>\n                <h4 class=\"u-custom-font u-font-open-sans u-text u-text-5\">Arrendamiento<\/h4>\n                <p class=\"u-text u-text-6\">Sabemos la importancia que representa esta etapa de tu vida y en Emprende M\u00e1s, estamos para ayudarte. Podemos darte esa tranquilidad que est\u00e1s buscando a trav\u00e9s de un cr\u00e9dito, con atractivas tasas y plazos preferenciales pensados especialmente para tu beneficio y tranquilidad.<\/p>\n              <\/div>\n            <\/div>\n            <div class=\"u-container-style u-list-item u-repeater-item u-video-cover u-white u-list-item-3\" data-animation-name=\"flipIn\" data-animation-duration=\"1000\" data-animation-delay=\"0\" data-animation-direction=\"X\">\n              <div class=\"u-container-layout u-similar-container u-container-layout-5\"><span class=\"u-file-icon u-icon u-text-palette-3-base u-icon-3\"><img decoding=\"async\" src=\"data:image\/png;base64,iVBORw0KGgoAAAANSUhEUgAAAIAAAACACAYAAADDPmHLAAAAAXNSR0IArs4c6QAAAERlWElmTU0AKgAAAAgAAYdpAAQAAAABAAAAGgAAAAAAA6ABAAMAAAABAAEAAKACAAQAAAABAAAAgKADAAQAAAABAAAAgAAAAABIjgR3AAAUAUlEQVR4Ae1dC3Qc1Xm+d3ZXwrbA2E5qDiFWWjBvDjFIK9kYF2E9jEkCpNR1T0NLQnBKCBxb1q4dUw7ipGBbkg11CCSEAgmxSVUaB0KMXsYvbD0JYJdSDMQ4vFwC+CnZ1mru7fevtGK12pmd3Z3ZnZnVPUeau\/fx3\/819\/Hfe\/\/hLAfDmq7mLwvJ\/pUxfi3I54zJJjz\/JVBStS\/X2AHicyvUd7V8i0n2EKieOJJyflRKsThYWvX4yHR3\/8oZBajr2nIGl6GHIc4bEoi0WfXwRcuLKv6UoJwrshVXUKFDhJSSN3S2fBfC\/18USyR8glTlUeUe1PlnqqsD2hVZriZwTXfrDCHkOkhqdorS6mFMuTNQUt6eYn3bV3OlAqzd1TRZVZR7ML27HRLwpCkFifq\/8kklsLi0\/P\/ShGW76q5SgNotW7wF4\/q\/Izm\/D5z+gsncPgR4q3oLDj1Qe9GCfpNhZw2cKxSgVtYqE7qvuJFJWQtOXmAxN99gnNf2Fu98ppbXCovbshy84xWgvrutHIJfjb\/LLOdWVANg3OuQ\/r0Bf8UznHMaJhwZHKsAYcELsRJcL8om57FO2AO7wo+cqgiOUgBalq3paZnHVF4LxvuzKfjYttEHdDGPrF1aVNnkpB7BEQpQ+3pj3vhjkxYyLmvA6EtimW+z33uB48OKKHi0etas4zbDbRQ6tlaA1S+1nKn4+K2SyduA6NRR2Ns6QR7gkj+iCM+\/V8+a+4FdUbWdAoRn9D2zr+ZCLMLM6nowzmdX5hnES2CC+iKWpo\/29fk21paVDRisl5FitlGA1e2tF3CPXIju82ZQPi0j1Ge+kf1Q6vWCiw3L\/fNez3zzo1vMqgI07NxcKLzq3wGJvwdqXx2NnqtTXsM29Ho+4G2suWLu\/mxRmlEFoFl8XVfr5QqTXxvai78chGcUh2wxOkG7pAzPC0U+d7yooyeTBibLmT94+EK5Eg3NlUzMh7zPSMCMHM+WB8CjZib5NulVtgeL5r5jJUNMVYB1b23KDx3yXahKVgrjyBWcySuBvFvHcyvlEg37A8n4VvSTOz2CvSLGiT2BS6t6owukE09aAWiWPvHl0qnqAD9TMOUr6M4vglHmEgj8YiB5DpDxpoPQWN2EHKD9B+oVXgO\/d2OJvBfbne9hLrH\/rPc\/PbBgwQI1IYSoAsMKUN\/eXMK4MhPGFnTRXIFQJ2IpBqMWP10w7uNMYB3Ov4y6tB53+tIsigWuitIS80O8jO\/heYRzdgxyPIbftHt5KPxUWAiW1B2BmRVbkcZ4Y2OjZ3\/h6U8gfhMljIVc4YB8trcvb6Hy7rRJS0DymPBzRe7DdPLrxo8P3e3FTubC4TT3R2j8fBN\/dD6QzLPhyRQmq+OxQv0SxtTzkXYe\/jCsuj9g\/P8WTdimu5xUGv9+z6XcoAj5YvWseZ\/p0btyx\/OTfPn5ZbBZkHHq6\/jL1yvv8LypvL6z5SiIKHA4IfHQp524R0SIrVk2u\/LDeAUSpT3Y0TZ1gItqmG9\/gLLjE5V3YH4fKUAfEB\/nQOR1UJZNXsVz+5Li8j\/qFDKcRSZr5hUPYckFC6arwhFSgBMgyS3d3ACWPsuXFlesNftQBpmxG7pb7oCFrh78ynOJGhx008WQ47BhfLPGX7nGbOGTsAlmwF+1jjP+Dfw85hIFGIACcDccce6HYG6AgH5ntWBqSiqaYVyhoYB6TocHqUIBpOMJwTJuEQkmU9II+iu3SS5vzlR71rUDAzKAn7SuAesh481\/vKak8hdGWmro2fIFpoaux6z+GzCLTse6\/yzUw3KYv48X4W0sFZ\/zMs+zRm4ABf1V\/1Hf0ToHw873jbRt0zIqKYCTe4CP8mSILJm6YV3HptNOck9QqqHFKDghXHh4F4R+STL+nIdjW9eGmHgQE+N13jzfqiUzyug2kHYYJ4LsBCdbAe2RODBImgMwsgM4MmAsXnFn6fwjesjXdbRMP8m8nXjL70K5QeHrVRhcEi8b6A\/tqWtv0r1sEt6WlTKoD86+ueg9Tyj4p6\/l9sV\/X1+v71d66DV0NF+OZWH3kIlXr2i8vLO4omyr72ybGS8zktZb0t6IzsQW5\/siOBl9Yig8rGB9e9BoBXuVk4\/onbAlhxDo0jcC5xhPIElRUYBTTBvpVJNWLTq+hQMbP9XKt3n6UQXrWyf2AKrXI3Xf\/iFvIJqCMyoYvN1TBc7365XnHu+vkR\/SK2PHPNB2BPsjjuwBXllSNO8jLaYOddvXa+WnkH5tfXvrVVr1aorKPkFet1a+XdOxNXqYegAnDgHbdZkqBS3NRszzdcsbyMQZKd3lHsbTrQbA2KoI5n8HMQmUzvN6Ifl\/a3HyZz09Poj+Wq38VNMh4GvggOIUrfpgpgMngvKAwhRJByMcFaQiNXf5DopPzgUxkywgqGDc+NDFmnCFeEczz64ZnH2scCFT2ivPJk0eKTQnropQvmQVbl7BztSCLbzaOGnVyXo6Vw4oJ33CcQqAk+d02CNuwJg2JW6GCYm4ufNFTTCqDB8v08y3Y4aKHuCHM66hGayj9gNUiaW3VuCSrJvWBFiGtAD7RL42TlqVspweyuv\/iFYBsKgyzSVVlnEca946Dhxbcdn8P4c1WsrwCVnrmhqDbDsO4K3fR0gNdmmcvW07DMcQspYDkodXLbQdTBaTvTYdwD4GXqOOX6nY19XijhQKrkNpLxO16hlLF5o7j4oiB3AvK97ydAL4S9fp7BbCPUBYAeDCZC8OvdkJwU6Pym+tnlWxJ1mkAqUVz6IO\/WU0DB0iOTteo+T9BAryKPJmx8vPRhqkHVbWwTkA8+zNBhLx2+RvetSCslSEHx9e9lOXzax4I3\/yQDnG3aQV2irsuTJouAorQK\/3OM0BbDEK4Oz93U5wr5asYO6cPv8kzO50KMUWAb6Ywub0sALUFn2dLofQleKsBym07fxZRy5NBAZUYZce4NBSf1VY3oOrABCG1\/+tNOkzpTrMEphLuTPkyzzNyWtmKebDijisAPD08T+ZRWKstaxxQH4+FxlWAPgC+UPWEBprOKMcQC873AMMLgPRPBJ7cO8to4gk29jq7iY\/l55bkq2XyfKKYE\/VlFa8lMk2k24r6jzFsAIU7jv8BlzF0I6WkaPTSbdpRgWP5NNxiHWRGbCsgiEV3gPYdlaAgXHHva9G6B8eAoa8S70SyRh7upQDnO++vaxs2Lo6rABELkaAl11K9hhZQxyALaI9mhkjFADj15gCRHPHhXEs9zuiyRqhAKoMj1\/R+WNxl3FAKh7tHuB46c43Qa\/mjpfLeJGL5Pw5cPnVI3YsR\/QAg16q5a5c5EyO0NxBJ8CiaR2hAJQhubItukCOx98A\/T+jr33gaaMd09Skgh3\/UbIdtgNEQOKEIAqNUJJIVm49pVwBxxOrIm8MOcke3zXrRzCVrXAqI7gUbbG4j+oBevs8uOPGj8YWzKnfki8JlFatjAifaKfhMVhSeRcOz4xiokN488lRf8ewCTiC8ygFGLxyLbdHCuTgczlOFT2oRTeugv9WK8\/O6ejZNw\/O8UZiOUoBKBunhF8YWSw3fsFIUh0oqVytRy12TZ13l5II4vF7rlFzgHBZLjeFj4rqccLGeRin38UsZhs0uR90XGnEQwgJv6ak6oFEZGFCWJSojB3zcdJqczy84vYAgZKqfWAc2QScFyRbd6zPNx1v8s0Yx8l93IVw8hkAIXoz26VGhB92GcvYrQ5kyjuDMh2NedweYLCY\/D2e542uYuMUyXZC4IujJ29D8YaGruY+KMJDwB4dxIiwFMqydkRKnB\/0FVPpVVuQNTlOtt2TCO+4IW4PQCVxw+43cWvYOJErbGO08KNRrfFXPYxDD98j0iLp6M5\/aET45DVc8TGa\/Z8bqeukJ+7\/\/ZcWvpoK0Fe0qx3virNuDgv2sRahlI5PvP8cE9w7EIXsWU3QX7FKrzzl0Zsf4mI7ohckKmvT\/E+O9vpg24kfNBUgvGSQzuoF4DhC168fsSBYWvkThYkZ5FQ6Pks+Tx36ePWLSHHkmx+mRErd7xVrKkC4stDuOj5nk41ikn\/7ge62v0qE0dKSea8lKvO58MNeRBMVt20+54pm909I6ypA4XsHd2DAdNK6d+KAEC\/Wdzb\/ZToSGRrzWzFSOGsSPJroz071TKIeTDPoKsDgMTG+QbO2PTMKMdHfsrL9ha+kgh4JH2M+Me3CVOrbqQ7mOU9\/r6hI9y6CrgIQMbhD9ridiDKISyE+GbM1WSVwk\/DDfBLyiUT8SqgAgeIqukP2ciJANsxPSgncJnwYO16vKa1KKLeECjAoWP6kDQVsBCVDSuA24RNjMHcz1HMbUgCPqtI8wKnfFdBVAjcKH7Lq90llPSlComBIAehji\/CE6bTJYDTtUAKlbXX3CyNm9Wt3NZ2DD0RsRUHHT\/iiicXr32jkqydUR2cvYARImIbFA0zwbyMVw4sTAz9bEZ7d9R0ttCv2Fqg4R2VsLuL5TqRGD2fhET\/Wy4\/OM9QDUIWhyeD26MoOjOdB8Nfg707gPh9\/rhM+Rv\/2ZcXzuozKxrACEEBstKwzCnisXHY4gNtd\/5ZMy0kpwLR3D8L5kgy7F0umkbGyGePA\/onKlKR2cZNSALIMYjft\/oyRE9OQxG5PTJLtfuLTc1nDEZOzVYksf7EMS0oBqPJE75Sn8NgXC8is34qinK4FC7w9pJVnl3R8XkbnAxzCysMk7+dNHngiWT4krQCkYdDyhPvoySISKQ8\/0GdG4rFPxeujyY2dfQgJOTDy9m00DcKj7W4+ulxqcb6aPJElWzdpBaAGjp16+Ek89lPc9MDl2Vow6ds86F+f1Mq3Qfr6ZbMrP9TEgwtN2jTrGMnAwZ3ePu9jRorGlklJAWovWtCPG2Z3xwIz6bfu514m9PmWoJ1Ok9oyDwx8LKkefoceQLjA+5pefqp5kMU9uM+RkqU2JQUgRI+V7CJTY8LNhhSImnN\/Z9sUrXrk3YI8iWI1ci\/W89pvmxYA09PlAeByX69y4srlRRWHtcDT52uB79Va+ammk\/fRafsPJT32R9pLy6qHk7ZzcNJ2WwSYaU\/OVgb8lSuMwKvf2fwX3jxPgZGyZpfhKus1anLFIZVaWFLuMRsHrDmqcMxN89RvovbSUgACXtfZuhGXKq5P1FCS+fimrTw34s0yybq2K05KyrzK2+gpTjUZuU041aw7ZCZqL+UhIALYp\/CliJOrWTPDKVjz\/yL8CTgzoWYBVmNjo4d5+S8tEP5JoajV6ZKUtgIsKS7\/I2bm96aLSGx9XGUqO6J+mpRZMxaGHX6\/WzipHnhUmY0LJn73Lyu+Ju3bW2kPAUQYPqjonTA+RGv0GWYTCuV62qsW3OI0D+JDPKG7hj8wmyeYS7yZPzl0aSrr\/lhcTFEAAtrQ1VYspWhH1BPbSLq\/oQQdmEHfFvRXvpourEzUX7ur9RJVkY8A5yssaE\/g1tacYHHlTjNgm6YAhEx9ZwtZCJeZgVgcGAJp65mQP6kprezSugIWp15GkmCm5mu6Nxfhc\/O34UDGP6JR018EIoR2+\/AiLDaLKFMVgCZtR9TPdgE5a69Q0\/pfss1gx59wteEAXJ\/0m8WQZOAIxn3ojs\/gXEzD82rUPSuZ+smXlbt7+\/JKUjX6xGvPVAWgBup6Np\/NVQGXs6YveeLhn0tpJ3AsqyRQWr7bTKLTXgXEIhMsmvsO5gKmdVGx8HP1N26zVpstfOKl6T1ARED1Hc2P4gjRrZHfY890OCA3wMHDP6QDQauu6T1ApKHTvFNuh37tiPwee6bMgVd7Pf2WvUiW9QBEbl3XljO4DHUjavHkKGXm2r3ip5hLFWu5dzEDect6AEIu6C87IBTxN4iabSo2g3a7wziBJeUNVgqfGGCpAlAD4SPKinIdokmfVqH6ORpUnLq6KVgyz\/Ih1HIFIAEGisvbsGO4ENGBHBVoMmTDpiQX4WLnM8lUSrVsRhSAkIMbtt\/Cy+YtiMKyOxa0OIAXZWmwtMrQxU4tGMmkZ0wBCKlgScUvicBkEMylsuS1zIi\/QjN5YukqQAvRuq6Wm7Gd+XPkG76bqAXLJenktSxgxHGV2fRmRQGIiPqO1uvgv\/ZpRMeZTZTD4PXDpe0\/wavpr7OBd9YUgIhFT\/DX6AmeRXRiNoi3QZu9+EDHjUF\/eVO2cMmqAhDRazqbLhVMeQ5R7KjlVPgAS73rjLhxsZIrGZ0ExiOEfPaFmHIZ1ga546Kes62S+4qyLXySR9Z7gIhS0IGKhq7WIH7fhz9LDlNE2srik5bAdYX7D9019KXWLKIy2LRtFCDCifrutnImxAb8\/mIkzSXPT7kib6oprrJVT5f1ISBWuGQ1ZAPyYqQ\/FZvn1N\/wr\/Q8bo1+1W7CJ37argeIFnJdR8t8rI8fRlphdLpz4hLH1dgdmTLrpsIX2\/UA0UTgytMmETp+CayHP0a6iM6zeZy8RPxU9Sjn21n4xENb9wDRQm7oaLuQcVELxt5oa7zxWTlMaJcFZ877QzT+do07RgEiDKxvby6RCr8PiM+NpNnjCccQQlkRmFmx1R74GMPCcQoQIauho7kCirAC9oOrImlZem6HNW9lNq156dDtWAWIEE3ePxXV830MZrcgbUIk3eInHW5pxJdH1hj5+ITFuKQF3vEKEKF+5Y7nJ\/ny874jBfsulOH8SLrJz7cwB3nMq4rHyH2uybCzAs41ChDNvVVdTRd5JP9bzHHxl7Yf4H0YZn6Htfx\/1pRWvBTdjhvirlSAaMGElYEp34QQy5Hux98p0flx4tS94yQzb\/Oo7DfVsyr2xCnjmiTXK0C0pHBl+5SCCf1+OL2+SnA2B8Rfiny83GwP9uS3Cfz5xGkdTruKHk1jsvH\/B+RJHcyrhpqAAAAAAElFTkSuQmCC\" alt=\"\"><\/span>\n                <h4 class=\"u-custom-font u-font-open-sans u-text u-text-7\">FIDEICOMISO<\/h4>\n                <p class=\"u-text u-text-8\"> Es aqu\u00e9l mediante el cual una persona que se denominar\u00e1 fideicomitente, entrega en propiedad los bienes o transmite los derechos a otra que se denominar\u00e1 fiduciaria, para que \u00e9sta los administre y realice con ellos el cumplimiento de finalidades l\u00edcitas, determinadas y posibles a favor de otra persona que se denomina fideicomisario y que en algunos casos puede ser el propio fideicomitente.<\/p>\n              <\/div>\n            <\/div>\n          <\/div>\n        <\/div>\n      <\/div>\n    <\/section>\n    \n    \n    \n  \n","protected":false},"excerpt":{"rendered":"<p>M\u00e1s que una SOFOM EMPRENDE M\u00c1S Empleados de Gobierno Si laboras en una instituci\u00f3n paraestatal que auxilia al Gobierno Federal en el manejo de las \u00e1reas consideradas por el Estado, EMPRENDE M\u00c1S te brinda la opci\u00f3n de solicitar un pr\u00e9stamo, con tasas preferenciales hechas espec\u00edficamente para tus necesidades. No esperes m\u00e1s, \u00a1solic\u00edtalo ya! Pensionados Y &hellip; <a href=\"https:\/\/emprendemas.mx\/index.php\/productos\/\" class=\"more-link\">Continue reading<span class=\"screen-reader-text\"> &#8220;Productos&#8221;<\/span><\/a><\/p>\n","protected":false},"author":1,"featured_media":0,"parent":0,"menu_order":2,"comment_status":"closed","ping_status":"closed","template":"","meta":{"_joinchat":[],"footnotes":""},"class_list":["post-935","page","type-page","status-publish","hentry"],"_links":{"self":[{"href":"https:\/\/emprendemas.mx\/index.php\/wp-json\/wp\/v2\/pages\/935","targetHints":{"allow":["GET"]}}],"collection":[{"href":"https:\/\/emprendemas.mx\/index.php\/wp-json\/wp\/v2\/pages"}],"about":[{"href":"https:\/\/emprendemas.mx\/index.php\/wp-json\/wp\/v2\/types\/page"}],"author":[{"embeddable":true,"href":"https:\/\/emprendemas.mx\/index.php\/wp-json\/wp\/v2\/users\/1"}],"replies":[{"embeddable":true,"href":"https:\/\/emprendemas.mx\/index.php\/wp-json\/wp\/v2\/comments?post=935"}],"version-history":[{"count":6,"href":"https:\/\/emprendemas.mx\/index.php\/wp-json\/wp\/v2\/pages\/935\/revisions"}],"predecessor-version":[{"id":1364,"href":"https:\/\/emprendemas.mx\/index.php\/wp-json\/wp\/v2\/pages\/935\/revisions\/1364"}],"wp:attachment":[{"href":"https:\/\/emprendemas.mx\/index.php\/wp-json\/wp\/v2\/media?parent=935"}],"curies":[{"name":"wp","href":"https:\/\/api.w.org\/{rel}","templated":true}]}}